7?
False
Is 271362400 a multiple of 79?
False
Is 9 a factor of 50005062?
True
Is 1790 a factor of 685351988?
False
Is 1630164966 a multiple of 6?
True
Is 1547 a factor of 247267729?
False
Is 1076431000 a multiple of 50?
True
Is 221391853 a multiple of 4?
False
Is 12954632 a multiple of 59?
False
Is 50257936 a multiple of 48?
False
Is 428886639 a multiple of 2?
False
Is 192 a factor of 61126125?
False
Does 325 divide 50564150?
True
Is 413 a factor of 1200995834?
False
Is 402 a factor of 4144273878?
True
Does 7 divide 94518600?
False
Is 263 a factor of 12002752?
False
Does 312 divide 262940039?
False
Is 148294608 a multiple of 336?
True
Does 5 divide 987527824?
False
Is 36330774 a multiple of 19?
True
Is 478 a factor of 115088401?
False
Is 117887043 a multiple of 95?
False
Is 47441073 a multiple of 35?
False
Is 59 a factor of 188472617?
False
Does 141 divide 223134095?
False
Is 32 a factor of 127749824?
True
Does 32 divide 118871616?
True
Is 50244512 a multiple of 304?
True
Does 805 divide 135862872?
False
Does 16 divide 661929311?
False
Is 4 a factor of 81138785?
False
Does 1486 divide 19088470?
False
Is 346 a factor of 4088979627?
False
Is 79807681 a multiple of 29?
True
Does 148 divide 15421304?
True
Is 13 a factor of 6520349?
False
Does 1602 divide 8165394?
True
Does 169 divide 65286390?
True
Is 50 a factor of 186495850?
True
Is 5334736 a multiple of 2992?
True
Does 33 divide 10380923?
False
Is 1249696098 a multiple of 63?
True
Is 3214 a factor of 279977968?
True
Is 640585040 a multiple of 5?
True
Is 3806 a factor of 311018708?
True
Is 3326 a factor of 313196142?
False
Is 317 a factor of 3853135?
True
Is 35 a factor of 17229625?
True
Does 207 divide 74337273?
False
Is 28105432 a multiple of 772?
True
Does 6075 divide 2498222250?
True
Is 53 a factor of 70622023?
True
Is 2195 a factor of 48757535?
True
Is 7608 a factor of 995362487?
False
Is 202156776 a multiple of 2?
True
Is 502497193 a multiple of 16?
False
Is 739 a factor of 1317320708?
True
Does 752 divide 12172160?
False
Is 3158049 a multiple of 54?
False
Is 1661730486 a multiple of 26?
True
Is 70 a factor of 6736427?
False
Is 35986158 a multiple of 754?
True
Is 141366618 a multiple of 13?
False
Is 2526533688 a multiple of 392?
True
Does 85 divide 31413365?
True
Is 10 a factor of 941292050?
True
Does 187 divide 79029379?
True
Does 5 divide 15450333?
False
Is 78 a factor of 1843380739?
False
Is 84 a factor of 1837878337?
False
Is 35 a factor of 79873543?
False
Is 10 a factor of 2902830?
True
Is 339292000 a multiple of 160?
True
Does 12 divide 1492219?
False
Is 7882875 a multiple of 231?
True
Is 31023594 a multiple of 126?
True
Is 1525 a factor of 12659755?
False
Is 29573080 a multiple of 637?
False
Does 481 divide 43613032?
False
Does 188 divide 5844032?
False
Is 41058187 a multiple of 153?
False
Is 690828909 a multiple of 35?
False
Is 27 a factor of 15639750?
True
Does 60 divide 5955480?
True
Does 5661 divide 360857055?
False
Is 13 a factor of 85580423?
False
Is 427 a factor of 137610571?
True
Does 1498 divide 86173948?
True
Is 587 a factor of 124495069?
True
Is 321 a factor of 56041785?
True
Is 3 a factor of 267723?
True
Is 77673636 a multiple of 36?
True
Does 1478 divide 101498694?
True
Does 112 divide 53338656?
True
Is 23 a factor of 6912719?
True
Is 789 a factor of 135063515?
False
Is 19630028 a multiple of 218?
True
Is 2023 a factor of 1085301063?
True
Does 1047 divide 57547796?
False
Does 154 divide 2259010?
False
Is 1295265270 a multiple of 32?
False
Is 569007090 a multiple of 3?
True
Is 21146208 a multiple of 1002?
True
Is 1499279742 a multiple of 34?
True
Is 140137338 a multiple of 319?
True
Is 205 a factor of 132760348?
False
Is 2526542299 a multiple of 631?
True
Is 429 a factor of 722401251?
True
Is 2141726447 a multiple of 233?
True
Is 1660 a factor of 57211900?
True
Is 12 a factor of 3678603?
False
Is 413573 a multiple of 126?
False
Is 770 a factor of 5901476350?
True
Does 40 divide 1058347160?
True
Is 159140045 a multiple of 20?
False
Is 21577104 a multiple of 144?
True
Does 6 divide 89428494?
True
Is 603 a factor of 36480929?
False
Is 16057257 a multiple of 3?
True
Is 187 a factor of 268029087?
False
Does 724 divide 2162036869?
False
Is 18322744 a multiple of 44?
True
Is 78325599 a multiple of 33?
True
Does 47 divide 16539814?
False
Is 728226308 a multiple of 18?
False
Does 1211 divide 96183535?
False
Does 5 divide 9869164?
False
Is 73119042 a multiple of 15?
False
Is 974077530 a multiple of 389?
False
Is 2639993526 a multiple of 686?
False
Does 1931 divide 88963101?
True
Does 47 divide 417081713?
True
Is 20648864 a multiple of 268?
True
Is 180 a factor of 92581869?
False
Is 15 a factor of 3037353465?
True
Does 80 divide 6352023?
False
Is 8293110 a multiple of 34?
True
Does 4818 divide 198660326?
False
Is 20786340 a multiple of 12?
True
Is 87283256 a multiple of 563?
False
Does 9 divide 23960033?
False
Is 3572660 a multiple of 65?
True
Does 13226 divide 2124783352?
True
Is 70374289 a multiple of 57?
False
Does 37 divide 97101024?
True
Does 1527 divide 3460067475?
True
Is 2820004250 a multiple of 14?
True
Is 15 a factor of 180166425?
True
Is 24417099 a multiple of 56?
False
Is 1574 a factor of 299069905?
False
Is 38 a factor of 99745802?
False
Does 1362 divide 123714546?
True
Is 44540680 a multiple of 40?
True
Does 10 divide 594386650?
True
Does 26 divide 4645998?
False
Is 48818985 a multiple of 234?
False
Is 216841563 a multiple of 4731?
False
Is 73 a factor of 2932337?
True
Is 402313240 a multiple of 8?
True
Is 3108 a factor of 136719302?
False
Is 157180072 a multiple of 3556?
False
Is 5024 a factor of 3099336179?
False
Is 61 a factor of 1780997491?
False
Does 341 divide 325249210?
True
Is 670496597 a multiple of 849?
False
Is 614 a factor of 209961818?
False
Is 29 a factor of 4596499391?
True
Is 1363514 a multiple of 5?
False
Is 14 a factor of 1960785218?
True
Does 640 divide 548261235?
False
Is 1415798925 a multiple of 23?
True
Is 375071165 a multiple of 755?
True
Is 585627827 a multiple of 210?
False
Is 273163365 a multiple of 3888?
False
Does 490 divide 39028434?
False
Does 29 divide 8522897?
True
Is 66351070 a multiple of 19?
False
Does 2296 divide 855066981?
False
Is 760 a factor of 740932759?
False
Is 166 a factor of 27546372?
True
Does 192 divide 104146368?
True
Is 1457899113 a multiple of 2761?
True
Is 1852777 a multiple of 167?
False
Is 31079016 a multiple of 8?
True
Is 4 a factor of 16177884?
True
Is 328405081 a multiple of 294?
False
Does 75 divide 22850850?
True
Is 54590566 a multiple of 62?
True
Does 3 divide 14796685?
False
Does 127 divide 13876147?
True
Is 185914281 a multiple of 2056?
False
Is 4395660476 a multiple of 3308?
True
Is 9 a factor of 183544109?
False
Does 134 divide 3043272?
False
Is 272 a factor of 1369827904?
True
Is 928 a factor of 255900640?
True
Is 57 a factor of 969693918?
True
Is 4188642 a multiple of 2?
True
Does 16 divide 190673793?
False
Is 22326513 a multiple of 3?
True
Is 111198857 a multiple of 2313?
False
Does 45 divide 441397867?
False
Is 6442 a factor of 162989042?
True
Is 941 a factor of 1756939218?
True
Is 33250355 a multiple of 9?
False
Is 116674718 a multiple of 13?
False
Is 852 a factor of 22451010?
False
Is 790 a factor of 16747071?
False
Is 567227398 a multiple of 31?
True
Is 3024738 a multiple of 1706?
True
Does 35 divide 238735984?
False
Does 22 divide 29230468?
False
Is 24988528 a multiple of 75?
False
Is 2837 a factor of 2122887785?
False
Is 878658912 a multiple of 36?
True
Does 329 divide 2141132?
True
Is 486 a factor of 45405036?
True
Does 13 divide 3760516?
False
Is 11429306 a multiple of 260?
False
Is 75702368 a multiple of 112?
True
Is 719000503 a multiple of 13?
True
Does 825 divide 38987807?
False
Does 146 divide 415686090?
True
Is 169693352 a multiple of 11?
False
Is 2074868 a multiple of 21?
False
Is 1267931028 a multiple of 266?
True
Is 64081418 a multiple of 44?
False
Is 2270070 even?
True
Is 578943000 a multiple of 1500?
True
Is 1530400548 a multiple of 436?
True
Does 5 divide 49246065?
True
Is 7 a factor of 199968036?
False
Is 3 a factor of 7167901?
False
Is 1736 a factor of 1221409722?
False
Is 6768475 a multiple of 25?
True
Does 116 divide 36082140?
False
Is 8 a factor of 29542512?
True
Is 84 a fac